d 11322?
222
Calculate the highest common divisor of 2419 and 348867.
59
What is the greatest common factor of 30 and 9450?
30
What is the highest common factor of 13 and 297804?
13
Calculate the highest common factor of 13343 and 11.
11
Calculate the highest common factor of 27731 and 10835.
11
What is the greatest common divisor of 159 and 1393582?
53
What is the greatest common factor of 90 and 107883?
9
What is the greatest common divisor of 68784 and 48?
48
Calculate the greatest common factor of 32 and 5308.
4
What is the highest common divisor of 588 and 296184?
84
What is the greatest common factor of 70974 and 117?
9
Calculate the greatest common divisor of 80400 and 21600.
1200
Calculate the highest common divisor of 4182 and 8262.
102
What is the greatest common divisor of 7379 and 37523?
157
Calculate the highest common divisor of 490517 and 3493.
499
What is the highest common divisor of 62 and 22909?
31
What is the greatest common factor of 285936 and 56?
56
Calculate the greatest common factor of 514524 and 6996.
636
What is the highest common factor of 1220 and 221880?
20
Calculate the greatest common factor of 526 and 6418778.
526
Calculate the greatest common divisor of 20440 and 3745.
35
Calculate the greatest common factor of 45629 and 1751.
103
Calculate the highest common factor of 867 and 13.
1
Calculate the highest common factor of 285581 and 22555.
347
Calculate the highest common factor of 80995 and 7760.
485
What is the greatest common factor of 4 and 67316?
4
What is the greatest common divisor of 54306 and 252?
126
Calculate the highest common divisor of 5313 and 1061841.
759
What is the greatest common factor of 3869502 and 2964?
1482
What is the greatest common divisor of 414 and 3590415?
207
Calculate the greatest common divisor of 164709 and 9.
9
Calculate the greatest common divisor of 837902 and 10582.
962
Calculate the highest common factor of 64 and 61.
1
What is the highest common divisor of 190 and 90782?
38
Calculate the greatest common divisor of 13310 and 170.
10
Calculate the greatest common divisor of 6168 and 8328.
24
What is the highest common factor of 45 and 822?
3
Calculate the highest common divisor of 1620 and 9450.
270
Calculate the greatest common divisor of 144 and 6852.
12
What is the highest common divisor of 165 and 2420?
55
What is the highest common divisor of 5 and 107370?
5
What is the highest common factor of 1309 and 6188?
119
Calculate the highest common factor of 42 and 399.
21
What is the greatest common factor of 16 and 210572?
4
Calculate the highest common factor of 1176 and 5496.
24
What is the greatest common divisor of 896120 and 20?
20
Calculate the highest common factor of 690376 and 16.
8
Calculate the highest common divisor of 2040 and 330.
30
What is the greatest common divisor of 27 and 81369?
9
What is the greatest common divisor of 8836 and 129203?
47
Calculate the highest common factor of 60957 and 4329.
117
Calculate the greatest common divisor of 29137 and 28.
1
What is the greatest common factor of 183668 and 481?
37
Calculate the highest common divisor of 135 and 15285.
15
Calculate the highest common factor of 882 and 2548.
98
Calculate the greatest common divisor of 456548 and 4404.
1468
Calculate the highest common factor of 8783 and 2.
1
Calculate the highest common divisor of 3233 and 583.
53
Calculate the greatest common factor of 51564 and 24.
12
Calculate the greatest common divisor of 23058 and 244.
122
What is the highest common factor of 516 and 494586?
258
Calculate the highest common divisor of 98672 and 238.
14
Calculate the greatest common factor of 344592 and 2016.
144
What is the greatest common divisor of 60732 and 56?
28
What is the greatest common divisor of 6 and 56412?
6
What is the highest common factor of 135313 and 141?
47
Calculate the highest common factor of 375 and 4948050.
75
What is the greatest common factor of 111372 and 48?
12
Calculate the highest common divisor of 20456187 and 93.
93
Calculate the greatest common divisor of 3667 and 3743.
19
What is the greatest common divisor of 32 and 18621408?
32
What is the greatest common factor of 3590 and 3665?
5
Calculate the greatest common factor of 88 and 1969.
11
Calculate the greatest common divisor of 139 and 139834.
139
What is the highest common divisor of 1494 and 136618?
166
What is the highest common factor of 2506 and 25074?
14
Calculate the highest common divisor of 534252 and 36.
12
What is the highest common divisor of 666 and 135420?
222
What is the greatest common divisor of 772 and 351839?
193
Calculate the highest common factor of 37012 and 532.
76
Calculate the greatest common divisor of 31453 and 7531.
443
What is the greatest common divisor of 12 and 93820?
4
Calculate the highest common factor of 17 and 2997372.
17
Calculate the greatest common divisor of 190014 and 165.
33
Calculate the greatest common divisor of 47790 and 5040.
90
Calculate the greatest common factor of 2000425 and 575.
575
Calculate the greatest common factor of 3608 and 9416.
88
What is the greatest common divisor of 18894 and 1608?
402
What is the greatest common factor of 36905 and 44?
11
What is the greatest common divisor of 48867 and 4833?
537
Calculate the greatest common divisor of 117515 and 5795.
95
What is the highest common factor of 8 and 681576?
8
Calculate the highest common factor of 92818 and 44.
22
What is the greatest common divisor of 2158 and 10458?
166
Calculate the highest common factor of 7404 and 1400590.
1234
Calculate the greatest common factor of 590007 and 1254.
627
Calculate the greatest common divisor of 421554 and 210.
42
What is the highest common divisor of 19251 and 54?
27
Calculate the greatest common divisor of 102618 and 36.
18
What is the highest common divisor of 1938 and 9180?
102
What is the greatest common factor of 95256 and 90?
18
What is the greatest common divisor of 6390 and 468387?
639
What is the greatest common factor of 384 and 17664?
384
What is the greatest common factor of 340673 and 202?
101
Calculate the highest common divisor of 26522 and 596.
298
Calculate the highest common divisor of 1740 and 513242.
58
Calculate the highest common divisor of 732028 and 2096.
524
Calculate the highest common factor of 274035 and 15.
15
Calculate the highest common divisor of 11674 and 2743.
13
Calculate the highest common divisor of 817 and 23865.
43
Calculate the greatest common divisor of 242 and 2981.
11
Calculate the highest common divisor of 109622 and 6.
2
Calculate the highest common factor of 130 and 29263.
13
What is the highest common divisor of 2552 and 7424?
232
What is the greatest common factor of 1812118 and 490?
98
Calculate the highest common factor of 418247 and 19.
19
Calculate the greatest common divisor of 56109 and 1585.
317
What is the highest common divisor of 2816 and 242?
22
Calculate the highest common factor of 192 and 67.
1
Calculate the highest common divisor of 60 and 14655.
15
What is the greatest common factor of 311984 and 185?
37
What is the highest common factor of 17888 and 180128?
416
Calculate the highest common divisor of 64 and 124456.
8
What is the highest common factor of 374805 and 90?
45
What is the greatest common factor of 2950 and 22184?
118
Calculate the highest common factor of 34 and 1146.
2
Calculate the greatest common divisor of 10164 and 1518.
66
Calculate the greatest common factor of 290 and 2528510.
290
What is the highest common factor of 3208099 and 2305?
461
What is the highest common factor of 412595 and 20?
5
What is the greatest common factor of 44 and 10252?
44
Calculate the highest common divisor of 201936 and 6048.
336
What is the highest common divisor of 182 and 146237?
91
What is the greatest common factor of 9869 and 923?
71
What is the greatest common factor of 2596945 and 195?
65
Calculate the greatest common divisor of 6588054 and 4455.
891
What is the highest common factor of 330 and 205?
5
Calculate the greatest common factor of 132 and 17028.
132
What is the highest common factor of 128 and 1526?
2
Calculate the highest common divisor of 4352 and 62.
2
Calculate the greatest common divisor of 814 and 43758.
22
Calculate the highest common factor of 1166 and 17702.
106